{"id":4796,"date":"2025-09-21T04:00:57","date_gmt":"2025-09-21T04:00:57","guid":{"rendered":"https:\/\/macronaturalsshop.com\/?post_type=product&#038;p=4796"},"modified":"2025-09-21T21:28:52","modified_gmt":"2025-09-21T21:28:52","slug":"crema-facial-rosa-mosqueta-50ml","status":"publish","type":"product","link":"https:\/\/macronaturalsshop.com\/?product=crema-facial-rosa-mosqueta-50ml","title":{"rendered":"Crema Facial Rosa Mosqueta 50ml"},"content":{"rendered":"<p>Impide la p\u00e9rdida de agua, por lo que aumenta la capacidad de hidrataci\u00f3n de la superficie cut\u00e1nea, consiguiendo que la piel se torne tersa y luminosa.<br \/>\nPoder antioxidante y antienvejecimiento<br \/>\nAl estar compuesto principalmente por \u00e1cidos grasos esenciales como son el \u00e1cido linoleico (omega 6) y linol\u00e9nico (omega 3), antioxidantes y vitaminas A, C y E, tiene un enorme poder contra los radicales libres causantes del envejecimiento cut\u00e1neo, por ello es un potente producto antiedad que combate la aparici\u00f3n de las arrugas y reduce las manchas producidas por la exposici\u00f3n solar.<\/p>\n","protected":false},"excerpt":{"rendered":"<p>Tiene un efecto reparador de la piel ya que ayuda a la formaci\u00f3n de col\u00e1geno y de fibras el\u00e1sticas,<\/p>\n","protected":false},"featured_media":4797,"comment_status":"open","ping_status":"closed","template":"","meta":[],"product_brand":[472],"product_cat":[408],"product_tag":[502,500,501,509,503],"class_list":{"0":"post-4796","1":"product","2":"type-product","3":"status-publish","4":"has-post-thumbnail","6":"product_brand-jhomi","7":"product_cat-cuidado-personal","8":"product_tag-heredia","9":"product_tag-macrobiotica","10":"product_tag-natural","11":"product_tag-piel","12":"product_tag-san-pablo","14":"first","15":"instock","16":"shipping-taxable","17":"purchasable","18":"product-type-simple"},"jetpack_sharing_enabled":true,"_links":{"self":[{"href":"https:\/\/macronaturalsshop.com\/index.php?rest_route=\/wp\/v2\/product\/4796"}],"collection":[{"href":"https:\/\/macronaturalsshop.com\/index.php?rest_route=\/wp\/v2\/product"}],"about":[{"href":"https:\/\/macronaturalsshop.com\/index.php?rest_route=\/wp\/v2\/types\/product"}],"replies":[{"embeddable":true,"href":"https:\/\/macronaturalsshop.com\/index.php?rest_route=%2Fwp%2Fv2%2Fcomments&post=4796"}],"wp:featuredmedia":[{"embeddable":true,"href":"https:\/\/macronaturalsshop.com\/index.php?rest_route=\/wp\/v2\/media\/4797"}],"wp:attachment":[{"href":"https:\/\/macronaturalsshop.com\/index.php?rest_route=%2Fwp%2Fv2%2Fmedia&parent=4796"}],"wp:term":[{"taxonomy":"product_brand","embeddable":true,"href":"https:\/\/macronaturalsshop.com\/index.php?rest_route=%2Fwp%2Fv2%2Fproduct_brand&post=4796"},{"taxonomy":"product_cat","embeddable":true,"href":"https:\/\/macronaturalsshop.com\/index.php?rest_route=%2Fwp%2Fv2%2Fproduct_cat&post=4796"},{"taxonomy":"product_tag","embeddable":true,"href":"https:\/\/macronaturalsshop.com\/index.php?rest_route=%2Fwp%2Fv2%2Fproduct_tag&post=4796"}],"curies":[{"name":"wp","href":"https:\/\/api.w.org\/{rel}","templated":true}]}}