{"id":4835,"date":"2025-08-29T05:30:27","date_gmt":"2025-08-29T05:30:27","guid":{"rendered":"https:\/\/macronaturalsshop.com\/?post_type=product&#038;p=4835"},"modified":"2025-08-29T22:22:31","modified_gmt":"2025-08-29T22:22:31","slug":"capsulas-bisglicinato-de-magnesio-60cap","status":"publish","type":"product","link":"https:\/\/macronaturalsshop.com\/?product=capsulas-bisglicinato-de-magnesio-60cap","title":{"rendered":"Bisglicinato de Magnesio"},"content":{"rendered":"<p><strong>Beneficios<\/strong><br \/>\nFortaleza \u00f3sea y muscular:<br \/>\nMejora la contracci\u00f3n y relajaci\u00f3n muscular<br \/>\nAumenta la fuerza y el rendimiento f\u00edsico<\/p>\n<p><strong>Salud cardiovascular:<\/strong><br \/>\nContribuye a mantener un ritmo card\u00edaco regular y previene arritmias<br \/>\nMejora la circulaci\u00f3n y reduce la presi\u00f3n arterial<\/p>\n<p><strong>Funci\u00f3n nerviosa y ansiedad:<\/strong><br \/>\nMejora la transmisi\u00f3n de impulsos nerviosos, la funci\u00f3n cognitiva y el estado de \u00e1nimo<br \/>\nReduce el riesgo de migra\u00f1as y dolores de cabeza<\/p>\n","protected":false},"excerpt":{"rendered":"<p>Coadyuvante para apoyar la salud muscular y nerviosa, as\u00ed como para aliviar los s\u00edntomas de deficiencia de magnesio como calambres musculares. Combate el estr\u00e9s mental, la ansiedad y fatiga.<\/p>\n","protected":false},"featured_media":5260,"comment_status":"open","ping_status":"closed","template":"","meta":[],"product_brand":[474],"product_cat":[386],"product_tag":[532,613,502,500,561,501,520,503],"class_list":{"0":"post-4835","1":"product","2":"type-product","3":"status-publish","4":"has-post-thumbnail","6":"product_brand-la-fuente","7":"product_cat-magnesio","8":"product_tag-ansiedad","9":"product_tag-fatiga","10":"product_tag-heredia","11":"product_tag-macrobiotica","12":"product_tag-musculos","13":"product_tag-natural","14":"product_tag-natural-shop","15":"product_tag-san-pablo","17":"first","18":"instock","19":"shipping-taxable","20":"purchasable","21":"product-type-simple"},"jetpack_sharing_enabled":true,"_links":{"self":[{"href":"https:\/\/macronaturalsshop.com\/index.php?rest_route=\/wp\/v2\/product\/4835"}],"collection":[{"href":"https:\/\/macronaturalsshop.com\/index.php?rest_route=\/wp\/v2\/product"}],"about":[{"href":"https:\/\/macronaturalsshop.com\/index.php?rest_route=\/wp\/v2\/types\/product"}],"replies":[{"embeddable":true,"href":"https:\/\/macronaturalsshop.com\/index.php?rest_route=%2Fwp%2Fv2%2Fcomments&post=4835"}],"wp:featuredmedia":[{"embeddable":true,"href":"https:\/\/macronaturalsshop.com\/index.php?rest_route=\/wp\/v2\/media\/5260"}],"wp:attachment":[{"href":"https:\/\/macronaturalsshop.com\/index.php?rest_route=%2Fwp%2Fv2%2Fmedia&parent=4835"}],"wp:term":[{"taxonomy":"product_brand","embeddable":true,"href":"https:\/\/macronaturalsshop.com\/index.php?rest_route=%2Fwp%2Fv2%2Fproduct_brand&post=4835"},{"taxonomy":"product_cat","embeddable":true,"href":"https:\/\/macronaturalsshop.com\/index.php?rest_route=%2Fwp%2Fv2%2Fproduct_cat&post=4835"},{"taxonomy":"product_tag","embeddable":true,"href":"https:\/\/macronaturalsshop.com\/index.php?rest_route=%2Fwp%2Fv2%2Fproduct_tag&post=4835"}],"curies":[{"name":"wp","href":"https:\/\/api.w.org\/{rel}","templated":true}]}}