{"id":4871,"date":"2025-08-29T01:45:18","date_gmt":"2025-08-29T01:45:18","guid":{"rendered":"https:\/\/macronaturalsshop.com\/?post_type=product&#038;p=4871"},"modified":"2025-08-29T16:51:55","modified_gmt":"2025-08-29T16:51:55","slug":"inositol-120cap","status":"publish","type":"product","link":"https:\/\/macronaturalsshop.com\/?product=inositol-120cap","title":{"rendered":"Inositol con Vit D3 y \u00c1cido F\u00f3lico"},"content":{"rendered":"<p>Entre sus beneficios:<\/p>\n<ul>\n<li><strong>Salud Mental:<\/strong>\u00a0Mejora la sensibilidad a la serotonina. Favorece el mejor el estado de \u00e1nimo. Ayuda al tratamiento de trastornos como la ansiedad, depresi\u00f3n, ataques de p\u00e1nico y Trastorno Obsesivo Compulsivo (TOC).<\/li>\n<li><strong>Salud Metab\u00f3lica:<\/strong>\u00a0Puede mejorar el perfil lip\u00eddico, reduciendo los niveles de triglic\u00e9ridos y colesterol malo. Facilita la eliminaci\u00f3n de grasas y ayuda en la p\u00e9rdida de peso.<\/li>\n<li>Mejora la sensibilidad a la insulina, reduciendo los niveles de glucosa en sangre y en el tratamiento y prevenci\u00f3n de la diabetes.<\/li>\n<li>Fortalece el cabello, las u\u00f1as y mejora el\u00a0 aspecto de la piel<\/li>\n<li><strong>En la mujer:<\/strong>\n<ul>\n<li>En mujeres que se someten a tratamientos de fertilidad. Mejora la calidad de los ovocitos lo que aumenta la posibilidad de embarazo.<\/li>\n<li>Mejora la funci\u00f3n ov\u00e1rica, promueve la ovulaci\u00f3n y contribuye a equilibrar las hormonas reproductivas, lo que ayuda a tratar la infertilidad.<\/li>\n<li>En caso de S\u00edndrome de Ovario Poliqu\u00edstico: Ha demostrado ser eficaz en la restauraci\u00f3n de ciclos menstruales regulares y en la reducci\u00f3n de los niveles de andr\u00f3genos (hormonas masculinas). Regula la producci\u00f3n de sebo y disminuye la aparici\u00f3n del acn\u00e9.<\/li>\n<\/ul>\n<\/li>\n<li><strong>En el hombre:<\/strong>\n<ul>\n<li>Mejora la calidad del semen. Aumenta el n\u00famero de espermatozoides, mejora su forma, estructura y la movilidad, lo que es crucial para una fertilizaci\u00f3n exitosa. Favorece el buen equilibrio de ciertas hormonas como la testosterona y las hormonas relacionadas con la espermatog\u00e9nesis<\/li>\n<li>Ayuda a reducir el estr\u00e9s oxidativo en los test\u00edculos y el semen.<\/li>\n<\/ul>\n<\/li>\n<\/ul>\n","protected":false},"excerpt":{"rendered":"<p>El Inositol tambi\u00e9n conocido como Vitamina B8, es un nutriente perteneciente al complejo de las vitaminas B. Esta sin\u00e9rgica formulaci\u00f3n se complementa con \u00c1cido F\u00f3lico y Vitamina D3. Ayuda a mejorar la salud mental, metab\u00f3lica, hormonal y la fertilidad tanto en mujeres como hombres.<\/p>\n","protected":false},"featured_media":5241,"comment_status":"open","ping_status":"closed","template":"","meta":[],"product_brand":[474],"product_cat":[440,439],"product_tag":[502,500,501,520,503,568],"class_list":{"0":"post-4871","1":"product","2":"type-product","3":"status-publish","4":"has-post-thumbnail","6":"product_brand-la-fuente","7":"product_cat-hormonal-hombre","8":"product_cat-hormonal-mujer","9":"product_tag-heredia","10":"product_tag-macrobiotica","11":"product_tag-natural","12":"product_tag-natural-shop","13":"product_tag-san-pablo","14":"product_tag-vitaminas","16":"first","17":"instock","18":"shipping-taxable","19":"purchasable","20":"product-type-simple"},"jetpack_sharing_enabled":true,"_links":{"self":[{"href":"https:\/\/macronaturalsshop.com\/index.php?rest_route=\/wp\/v2\/product\/4871"}],"collection":[{"href":"https:\/\/macronaturalsshop.com\/index.php?rest_route=\/wp\/v2\/product"}],"about":[{"href":"https:\/\/macronaturalsshop.com\/index.php?rest_route=\/wp\/v2\/types\/product"}],"replies":[{"embeddable":true,"href":"https:\/\/macronaturalsshop.com\/index.php?rest_route=%2Fwp%2Fv2%2Fcomments&post=4871"}],"wp:featuredmedia":[{"embeddable":true,"href":"https:\/\/macronaturalsshop.com\/index.php?rest_route=\/wp\/v2\/media\/5241"}],"wp:attachment":[{"href":"https:\/\/macronaturalsshop.com\/index.php?rest_route=%2Fwp%2Fv2%2Fmedia&parent=4871"}],"wp:term":[{"taxonomy":"product_brand","embeddable":true,"href":"https:\/\/macronaturalsshop.com\/index.php?rest_route=%2Fwp%2Fv2%2Fproduct_brand&post=4871"},{"taxonomy":"product_cat","embeddable":true,"href":"https:\/\/macronaturalsshop.com\/index.php?rest_route=%2Fwp%2Fv2%2Fproduct_cat&post=4871"},{"taxonomy":"product_tag","embeddable":true,"href":"https:\/\/macronaturalsshop.com\/index.php?rest_route=%2Fwp%2Fv2%2Fproduct_tag&post=4871"}],"curies":[{"name":"wp","href":"https:\/\/api.w.org\/{rel}","templated":true}]}}