{"id":5599,"date":"2025-09-27T01:00:29","date_gmt":"2025-09-27T01:00:29","guid":{"rendered":"https:\/\/macronaturalsshop.com\/?post_type=product&#038;p=5599"},"modified":"2025-09-28T02:48:57","modified_gmt":"2025-09-28T02:48:57","slug":"l-glutamine-1000mg-170g","status":"publish","type":"product","link":"https:\/\/macronaturalsshop.com\/?product=l-glutamine-1000mg-170g","title":{"rendered":"L-Glutamine 1000mg 170g"},"content":{"rendered":"<ul>\n<li>Act\u00faa como transportador de nitr\u00f3geno, lo que es fundamental para mantener la masa muscular.<\/li>\n<li>Apoya el sistema inmune.<\/li>\n<li>Apoya la recuperaci\u00f3n muscular despu\u00e9s de entrenamientos intensos.<\/li>\n<\/ul>\n<p>La glutamina se considera un amino\u00e1cido condicionalmente esencial, lo que significa que, bajo ciertas circunstancias, el cuerpo puede requerir m\u00e1s glutamina de la que puede producir.\u00a0 En el cuerpo, la glutamina funciona como un importante transportador de nitr\u00f3geno y es fundamental para el mantenimiento de un equilibrio de nitr\u00f3geno saludable.\u00a0 La glutamina tambi\u00e9n act\u00faa como el principal combustible para las c\u00e9lulas de r\u00e1pido crecimiento del sistema inmunol\u00f3gico y el tracto gastrointestinal.<\/p>\n","protected":false},"excerpt":{"rendered":"<p>La glutamina se considera un amino\u00e1cido condicionalmente esencial, lo que significa que, bajo ciertas circunstancias, el cuerpo puede requerir m\u00e1s glutamina de la que puede producir.<\/p>\n","protected":false},"featured_media":5600,"comment_status":"open","ping_status":"closed","template":"","meta":[],"product_brand":[491],"product_cat":[393,398],"product_tag":[502,500,561,501,520,503],"class_list":{"0":"post-5599","1":"product","2":"type-product","3":"status-publish","4":"has-post-thumbnail","6":"product_brand-sempiterno","7":"product_cat-energia","8":"product_cat-vit-y-min","9":"product_tag-heredia","10":"product_tag-macrobiotica","11":"product_tag-musculos","12":"product_tag-natural","13":"product_tag-natural-shop","14":"product_tag-san-pablo","16":"first","17":"instock","18":"shipping-taxable","19":"purchasable","20":"product-type-simple"},"jetpack_sharing_enabled":true,"_links":{"self":[{"href":"https:\/\/macronaturalsshop.com\/index.php?rest_route=\/wp\/v2\/product\/5599"}],"collection":[{"href":"https:\/\/macronaturalsshop.com\/index.php?rest_route=\/wp\/v2\/product"}],"about":[{"href":"https:\/\/macronaturalsshop.com\/index.php?rest_route=\/wp\/v2\/types\/product"}],"replies":[{"embeddable":true,"href":"https:\/\/macronaturalsshop.com\/index.php?rest_route=%2Fwp%2Fv2%2Fcomments&post=5599"}],"wp:featuredmedia":[{"embeddable":true,"href":"https:\/\/macronaturalsshop.com\/index.php?rest_route=\/wp\/v2\/media\/5600"}],"wp:attachment":[{"href":"https:\/\/macronaturalsshop.com\/index.php?rest_route=%2Fwp%2Fv2%2Fmedia&parent=5599"}],"wp:term":[{"taxonomy":"product_brand","embeddable":true,"href":"https:\/\/macronaturalsshop.com\/index.php?rest_route=%2Fwp%2Fv2%2Fproduct_brand&post=5599"},{"taxonomy":"product_cat","embeddable":true,"href":"https:\/\/macronaturalsshop.com\/index.php?rest_route=%2Fwp%2Fv2%2Fproduct_cat&post=5599"},{"taxonomy":"product_tag","embeddable":true,"href":"https:\/\/macronaturalsshop.com\/index.php?rest_route=%2Fwp%2Fv2%2Fproduct_tag&post=5599"}],"curies":[{"name":"wp","href":"https:\/\/api.w.org\/{rel}","templated":true}]}}